- q**3 - q**2. Let d be r(-6). Suppose -d = -3*t - 5*a, 0 = -3*a + 2*a - 2. Is t composite?
True
Let x = 2 - -4. Let g be (-7 - -4)/(x/4). Is g*(0 + 1) + 69 a composite number?
False
Let u(s) = s**3 + 4*s**2 - 4*s - 5. Is u(6) a prime number?
True
Suppose -2*g = z + 3*z - 98, -5*g - 3*z = -273. Is g a composite number?
True
Let k(q) = q**2 + 3*q - 1. Let x be k(2). Let n be (-2)/x - 47/(-9). Suppose 0 = -n*m - 5*g + 140, 0*m + 2*m - 2*g - 36 = 0. Is m composite?
False
Let b(d) = -d**2 + 7*d + 2. Let p be b(7). Is ((-115)/15)/(p/(-30)) prime?
False
Suppose -2*w + 5 = -3. Suppose -d - 4*t + 76 = -155, -3*d = -w*t - 661. Is d composite?
False
Let w(c) = 3*c - 5. Let j be w(4). Let r = j + -7. Is (-4 - r)/(4/(-46)) composite?
True
Let f(d) = 37*d - 14. Is f(15) a prime number?
True
Let y(r) = 252*r - 7. Is y(20) composite?
True
Suppose 6*p = 4*p + 874. Is p composite?
True
Let r(b) = b. Let o(d) = 8*d - 2. Let h(q) = o(q) - 4*r(q). Let w be h(2). Let j(i) = 5*i - 9. Is j(w) a composite number?
True
Let g be 4/5*(-5)/(-2). Suppose g*a + a + 5*f = -502, 5*a + 785 = 2*f. Let s = -106 - a. Is s a prime number?
True
Suppose 0 = -m + 3*x - 63 - 30, -5*m = -4*x + 421. Let v = 158 + m. Is v a composite number?
True
Let g(d) = d + 3. Let w be g(0). Suppose -p - 5 = 0, i + 42 = w*i + 4*p. Is i prime?
True
Let n(q) = -q - 1. Let p(b) = 2*b + 2. Let m(s) = -3*n(s) - 2*p(s). Let t(r) = -2*r - 4. Let z(v) = -5*m(v) + t(v). Is z(1) composite?
True
Let k = -7 + 10. Is (-5 + k)*149/(-2) a prime number?
True
Suppose -260 = -2*y - 2*y. Is y prime?
False
Suppose -5*l = -3*l - 62. Let f = -17 + l. Is f a prime number?
False
Let a = 64 + 127. Is a a prime number?
True
Let i be 1/4 - 7/(-4). Is (i - 1)/(1/19) prime?
True
Let h(a) = 48*a**2 + 2*a + 7. Is h(3) prime?
False
Let h = -218 - -451. Is h a prime number?
True
Let h be -1*(0 - -1)*1. Is (-1028)/20*(h - 4) composite?
False
Suppose 4*a = -14 + 6. Is (-1)/((-454)/226 - a) a prime number?
True
Let m(h) = -2*h**2 + 7*h - 1. Let c be m(6). Let x = c + 80. Is x a composite number?
True
Suppose -6*t + 4 = -2*t. Let l = -1 + t. Suppose -2*k + 0*k + 66 = l. Is k composite?
True
Let o = 4 + 0. Suppose -o*f = -5*v + 35, 2*v - 21 + 0 = 3*f. Suppose 59 = 4*s - v*s. Is s a composite number?
False
Let g(n) = -134*n**3 + 2*n + 1. Is g(-1) prime?
False
Suppose 5*s = 15, -2*i + 0*s = 2*s + 826. Let m = i + 627. Is m prime?
True
Let n be 0/(-2*(-1)/(-2)). Suppose n = z + z - 226. Is z composite?
False
Let p(i) = 5*i**2 - 9*i + 3. Let n be 66/10 - (-20)/50. Is p(n) prime?
False
Let b(w) = 71*w**2 + 3*w + 1. Is b(2) composite?
True
Suppose 0 = -3*n - 0*n + 753. Is n a prime number?
True
Suppose 460 = -5*d - k, d - 2*k - 368 = 5*d. Let r = -39 - d. Is r prime?
True
Let l(i) be the first derivative of 11*i**2/2 + 4*i + 4. Is l(3) prime?
True
Let q(t) = t**2 - 5*t - 3. Let u be q(6). Is 5/(1352/(-452) + u) a composite number?
True
Let d(h) = -h**2 - 5*h + 2. Suppose 3*m - 4*c = 7*m + 28, 3*m + 13 = c. Let f be d(m). Suppose f*r - r - 67 = 0. Is r composite?
False
Let w(t) = 104*t + 9. Is w(5) prime?
False
Suppose 5*k = 3*z + 15, 0 = -3*k + 3*z - 5*z + 9. Let r be k + -1 + 6/2. Suppose -r*d + 101 = 6. Is d prime?
True
Let t = -4737 + 9382. Is t a prime number?
False
Let c(x) = -x**3 + 8*x**2 + 8*x + 13. Let h be c(9). Suppose 2*z + 0*y - 10 = -5*y, -5 = -z - h*y. Suppose -2*q + 6*q = -12, -z*j + 1006 = 3*q. Is j composite?
True
Let z be 0 + 1 - (-13)/(-13). Suppose -a + 5 + 5 = z. Is a a prime number?
False
Suppose 0*q - 5*x + 70 = -5*q, 4*q = -5*x - 38. Let c be 1/(2 - 3 - 0). Let h = c - q. Is h composite?
False
Let h be 66*2/4 - 0. Suppose -h = 2*m - 3*m. Is m a composite number?
True
Let c(w) = w**2 + 6*w - 8. Let u be c(-8). Suppose -u*x + 10 = -3*x. Suppose 100 = 2*d - x*o, -o - 3*o = d - 65. Is d prime?
True
Let o(z) = 94*z**3 - z**2 - 3*z + 1. Is o(2) composite?
False
Let k(p) = 13*p**2 + 2*p + 1. Let j = -11 - -16. Let t(x) = x**3 - 5*x**2 - x + 3. Let a be t(j). Is k(a) prime?
False
Suppose 0 = 5*n - 3*n. Suppose 3*d + 2*d - 185 = n. Is d prime?
True
Let o = 3022 + 1839. Is o a composite number?
False
Let u be -2 - -1 - (-4)/(-2). Is (-4)/6 + (-167)/u a prime number?
False
Is ((-9)/((-36)/(-1304)))/(-2) a composite number?
False
Let f(t) = -2*t - 1. Let g be f(-2). Suppose -143 = -g*d + 2*d. Is d prime?
False
Suppose 3*d = -d - 4*u + 20, -5*u = -4*d + 2. Suppose 4*k - 41 = -d*w, -3*k - 31 = -0*w - w. Is w a prime number?
True
Let a be ((-20)/12)/((-15)/18). Is 266 + (-2 - a - -1) prime?
True
Is (-6)/15 + 2285/25 prime?
False
Let n(a) = a**2 - 13*a + 9. Let u be 0/(-2 - -4) + 15. Is n(u) a prime number?
False
Suppose 0 = -v + 2*l + 5331, 13*v - 5*l = 8*v + 26655. Is v a composite number?
True
Let g(d) = -687*d - 10. Is g(-3) prime?
False
Let r(h) = h - 132. Let l be r(0). Let q = -55 - l. Is q a prime number?
False
Suppose 2 + 6 = 2*q. Let y(b) = 9 + 3*b - 2*b + 0*b**2 - 12 + 2*b**2. Is y(q) prime?
False
Suppose 0*m + 4*m = -16. Let b = 4 + -1. Is (b/m)/(3/(-84)) a prime number?
False
Suppose 3 = n - 3. Suppose 3*p + 3 = 0, -n*o + 3*p + 3 = -3*o. Suppose 3*k = -o*k + 237. Is k a composite number?
False
Suppose -8*b + 3*b = -18035. Is b a prime number?
True
Let l = 3002 + -1683. Is l composite?
False
Suppose -14 = 3*c + 1. Let w = -3 - c. Is (w + -2 + 79)*1 a composite number?
False
Let x = -209 + 304. Is x prime?
False
Suppose 4*l + 33 = 3*v - 559, -l = -4*v + 811. Suppose -2*y - 2*y + v = 0. Is y composite?
True
Let d(f) = -f**3 - 4*f**2 + f + 5. Let o be d(-4). Let n be (o*5)/(-2 + 1). Is 116 + -1 - 0/n prime?
False
Let k(o) = 85*o + 23. Is k(6) a composite number?
True
Let b be ((-2)/(-3))/((-2)/18). Let k(s) = s**2 + 5*s - 4. Let w be k(b). Suppose 3*y + p = 111, -4*y + p + w*p + 161 = 0. Is y prime?
False
Let z = 165 + 468. Is z a composite number?
True
Is ((-12)/20)/(2/(-730)) a prime number?
False
Suppose 4*w = 481 + 3. Is w composite?
True
Let q = 23 + 248. Is q a composite number?
False
Suppose -3*b + 4*z - 192 = 0, z = 2*z. Let d = b + 122. Is d a composite number?
True
Let g = -2383 - -3756. Is g prime?
True
Let f(m) = 3*m - 2. Let g be f(2). Let n = g + -2. Suppose 2*o - 316 = -n*o. Is o a composite number?
False
Let z(o) = -o**3 - 3*o**2 - 5*o + 1. Let n(q) = q - 2. Let k be n(-2). Is z(k) composite?
False
Suppose -4*k + 199 = -109. Is k prime?
False
Let a(o) = 17*o**3 + o**2 + 5*o - 16. Is a(5) prime?
False
Suppose m + 3*m = -4*d - 12, 2*d + 3 = -5*m. Is (-29 - 2)/(-2 + m) a composite number?
False
Let f = -262 + 440. Is f a prime number?
False
Suppose -2*g + f = -1800, -2*g + 0*g = 4*f - 1810. Is g a prime number?
False
Suppose 2*q - 43 = 141. Let i = q + 99. Is i composite?
False
Let b = -3 + 7. Let p = b - -87. Is p prime?
False
Suppose 813 = u + 2*u. Is u a prime number?
True
Let x = -3 + 8. Let s = 7 - x. Is s/(-4) - 129/(-6) composite?
True
Suppose -724 = 4*d + 348. Let s = d + 479. Is s a prime number?
True
Is (-3)/(-3)*(-268)/(-4) composite?
False
Suppose 5*y - 1195 = 4*h, 95 = y - 5*h - 165. Is y composite?
True
Suppose c - 1 - 1 = 0. Suppose 0 = -c*m + 2 + 36. Is m a composite number?
False
Let y(i) = -i**2 + 15*i - 1. Let k = -4 - -11. Is y(k) a composite number?
True
Let n = -9 + 16. Let i(j) = j**3 - 5*j**2 - 3*j - 8. Is i(n) a composite number?
True
Let b(u) = -u**3 + 12*u**2 - 7*u - 13. Is b(8) a prime number?
False
Let c = -8 - -20. Suppose 0 = 4*o - c - 12. Suppose 0 = 3*q - 117 + o. Is q prime?
True
Let a(t) = t**3 - 3*t**2 + 6. Let h(u) = -u**3 + 3*u**2 - 7. Let l(f) = 5*a(f) + 4*h(f). Let c be l(3). Is 6/(-9)*(-33)/c a prime number?
True
Suppose -h = -4*n + 144, -16 = -3*h - 4. Let r = n + 76. Suppose -k + r = 2*y, -4*y + 226 = 2*k - 5*y. Is k composite?
False
Suppose -19 = u - t + 2*t, 0 = u - 4*t + 9. Let a = u + 29. Suppose a = 5*i - 3. Is i a composite number?
False
Let j(z) = -z**3 + 11*z**2 + 3*z - 8. Suppose 22 = -4*d + 66. Is j(d) prime?
False
Let g be 2254/8 + 4/16. Let c = g + 305. Is c prime?
True
Is (11505/10 + 2)*2 a composite number?
True
Let h = 1514 - 1017. Is h prime?
False
Suppose 0 = 17*x - 13*x - 56. Is x a composite number?
True
Suppose 3*c + 5*c = 8440. Is c a composite number?
True
Suppose 2*w + 78 = 840. Is w composite?
True
Let x(z) = -296*z + 2. Let g be x(-1). Supp